 -1041 - -5e5?
-94b
In base 2, what is -100001011111111 + 100010000010100?
100010101
In base 11, what is 53720 + -23?
536a8
In base 9, what is -627706 + -1545?
-630352
In base 5, what is -40 + 300113300?
300113210
In base 13, what is -67458 - 79?
-67504
In base 8, what is 4400 - -23607?
30207
In base 9, what is 20 + 4141822?
4141842
In base 11, what is -93410482 - -1?
-93410481
In base 8, what is 1613 - -24773?
26606
In base 12, what is -3 - 47954517?
-4795451a
In base 7, what is -20341 + -10350?
-31021
In base 7, what is -214353 + -3155?
-220541
In base 14, what is -30 + -163012?
-163042
In base 4, what is -103033320 + -10202?
-103110122
In base 5, what is 10110044303 + 3?
10110044311
In base 3, what is -100020220222221120 - -12?
-100020220222221101
In base 16, what is 4174 + -211?
3f63
In base 15, what is c8e + 1572?
2311
In base 5, what is -23423032411 - -4?
-23423032402
In base 13, what is -583 - 39880?
-3a133
In base 5, what is 3 - -4331024?
4331032
In base 15, what is 2448 + d5b?
32a4
In base 15, what is -1563dcd + 2?
-1563dcb
In base 9, what is -75454481 + -5?
-75454486
In base 16, what is 266f7 - -15?
2670c
In base 7, what is 114416531 - 4?
114416524
In base 3, what is -11111 + 1122210211121?
1122210200010
In base 15, what is 2 - -11d8b3?
11d8b5
In base 14, what is -11 - -383950?
38393d
In base 15, what is 637d8bc - 1?
637d8bb
In base 5, what is 21 - -3002202432?
3002203003
In base 7, what is 256 - 251515?
-251226
In base 13, what is -7430a + 1b7?
-74123
In base 15, what is 6be552 + 3?
6be555
In base 9, what is 136815 - 13?
136802
In base 9, what is 207576741 + 21?
207576762
In base 13, what is 1 + 8009b1a?
8009b1b
In base 7, what is 222512 - 36?
222443
In base 7, what is 52213 - -20553?
103066
In base 2, what is 110110101100011111001110 - -100000?
110110101100011111101110
In base 2, what is 11 - 1100010011010011100010?
-1100010011010011011111
In base 13, what is -58 + 65473?
65418
In base 5, what is 444 + 4112104?
4113103
In base 12, what is 2620 - -7285?
98a5
In base 15, what is 5 + -82e6e2?
-82e6dc
In base 12, what is 10ba94040 - 3?
10ba94039
In base 2, what is 110 + -1110010110000111101011110?
-1110010110000111101011000
In base 8, what is -4 + 132614131?
132614125
In base 6, what is -11401145352 - 0?
-11401145352
In base 13, what is 4c4 + 158833?
159027
In base 5, what is 124 + 103214330?
103220004
In base 12, what is -2 - 10428324?
-10428326
In base 12, what is -58a037 + 12?
-58a025
In base 8, what is -2130107 + 5?
-2130102
In base 12, what is -77 - 55269a4?
-5526a5b
In base 2, what is 1010101000000100000000010 - 1011?
1010101000000011111110111
In base 9, what is -2 + -4682330?
-4682332
In base 8, what is 161 - 1055456?
-1055275
In base 6, what is 1010054024 + 35?
1010054103
In base 13, what is 3b87929 - 4?
3b87925
In base 5, what is -140141023041 + -2?
-140141023043
In base 12, what is 17991a97 + 1?
17991a98
In base 2, what is -101 + -1101010010011001011101101101?
-1101010010011001011101110010
In base 10, what is -2187 + -253233?
-255420
In base 15, what is -31633b - -4?
-316337
In base 7, what is 1312454125 - 6?
1312454116
In base 15, what is -b + -dea33?
-dea3e
In base 14, what is -79 + 7ad840?
7ad7a5
In base 10, what is 33 - -5310601?
5310634
In base 11, what is 4 + 525471a7?
52547200
In base 9, what is -5266217 - -34?
-5266173
In base 10, what is 3 + 84592463?
84592466
In base 7, what is -161056 + -22220?
-213306
In base 9, what is -5110 - -10018?
3808
In base 11, what is -757 + -2287?
-2a33
In base 15, what is -e6a - -11e01?
10e86
In base 10, what is -24 - 328925?
-328949
In base 15, what is -87e - -22cd6?
22457
In base 14, what is -3c - -3dc99?
3dc5b
In base 12, what is 53792 - -430?
54002
In base 4, what is -100102222 - -2133?
-100100023
In base 16, what is -19 + 2d61d?
2d604
In base 16, what is 23f + -252f?
-22f0
In base 9, what is -1 + -42605530?
-42605531
In base 13, what is -a3c7 - -8?
-a3bc
In base 5, what is -2304324000 + -4?
-2304324004
In base 11, what is -26 - a22957?
-a22982
In base 10, what is 1735 - -3490?
5225
In base 12, what is 2 - 41552525?
-41552523
In base 7, what is 5 - 3650143141?
-3650143133
In base 10, what is -509 + 70615?
70106
In base 10, what is 13 - -6859991?
6860004
In base 12, what is -5 - 72069761?
-72069766
In base 12, what is -1a8 + -325441?
-325629
In base 11, what is -a0 - 448603?
-4486a3
In base 7, what is -10243 - -23050?
12504
In base 12, what is 14 - -1763263?
1763277
In base 13, what is 2 - -4a4606?
4a4608
In base 12, what is -4b4993 + 32?
-4b4961
In base 10, what is 642762 - -46?
642808
In base 8, what is -45210 - 760?
-46170
In base 15, what is -11a5b2 + c?
-11a5a5
In base 2, what is -1 + -1100001000111111111110?
-1100001000111111111111
In base 9, what is -4431 - -50536?
45105
In base 4, what is 12 + -3003010303?
-3003010231
In base 12, what is -38b22 + 19?
-38b05
In base 4, what is 0 - -21332323323313?
21332323323313
In base 13, what is -2 - -a5a58?
a5a56
In base 9, what is -1480 + 1172?
-307
In base 5, what is 303 + 21030424?
21031232
In base 14, what is 9 - 2a9c9?
-2a9c0
In base 11, what is 108 - -130137?
130244
In base 3, what is -2200110221121122 + 1?
-2200110221121121
In base 7, what is 5064413 + 16?
5064432
In base 13, what is 76 + 272bca4?
272c04a
In base 4, what is 1122013 + -203?
1121210
In base 9, what is 5537377 - 2?
5537375
In base 12, what is 45a3 - 18622?
-1403b
In base 16, what is -af4 + -17a5?
-2299
In base 7, what is 1414 - -543531?
545245
In base 4, what is -3 + -12131013111?
-12131013120
In base 4, what is 100333203 + 211012?
101210221
In base 4, what is -21022111121 + -1?
-21022111122
In base 10, what is 251 - -138949?
139200
In base 2, what is -1111011000000110 + 10001100?
-1111010101111010
In base 5, what is -121122340 - 0?
-121122340
In base 7, what is -123 - 1134144?
-1134300
In base 3, what is 1210101220010212 - -12?
1210101220011001
In base 12, what is -27 + 508145?
50811a
In base 7, what is 2 - 24041046?
-24041044
In base 14, what is -6ca9 - 47?
-6d12
In base 16, what is -15739 - -5b5?
-15184
In base 3, what is 1011102201200212011 - 11?
1011102201200212000
In base 13, what is -1ac741994 - -1?
-1ac741993
In base 3, what is 2102222002 - 1021?
2102220211
In base 16, what is 3 + -2106cd?
-2106ca
In base 9, what is -121187 + 126?
-121061
In base 5, what is 11013342143 + 4?
11013342202
In base 6, what is 103 + 4112445?
4112552
In base 3, what is -101121010010211001 - 11?
-101121010010211012
In base 13, what is -198c + -6991?
-8650
In base 7, what is 164 + 131203?
131400
In base 8, what is 247 - 45513?
-45244
In base 12, what is -778b0 - 450?
-78140
In base 12, what is 1604979 - 108?
1604871
In base 9, what is 10234 + -2746?
6377
In base 4, what is 113201210012 + -13?
113201203333
In base 2, what is -10001100010101101001101 + 11?
-10001100010101101001010
In base 10, what is -4 + 11773787?
11773783
In base 4, what is -2333 - -13100031?
13031032
In base 16, what is 3 - 9f59d6?
-9f59d3
In base 3, what is 21010012102021 + 222?
21010012110020
In base 14, what is 5 + -4a2442?
-4a243b
In base 8, what is -151076514 + -1?
-151076515
In base 6, what is 434004 - 3041?
430523
In base 16, what is -4e4042 + 0?
-4e4042
In base 8, what is 4 + 120612043?
120612047
In base 4, what is 12 + -131132220010?
-131132213332
In base 5, what is -13213431002 - -2?
-13213431000
In base 5, what is 20333442044 + 11?
20333442110
In base 2, what is -1001010000001010001 + 1100111?
-1001001111111101010
In base 4, what is 10012 + -11330202?
-11320130
In base 10, what is -4 - 6068956?
-6068960
In base 14, what is 9aa + -24871?
-23ca5
In base 2, what is -10001111 + -11001010011010011110?
-11001010011100101101
In base 5, what is -431 - 14113341?
-14114322
In base 6, what is -231 - 2012100?
-2012331
In base 12, what is -108417b7 + 5?
-108417b2
In base 15, what is b751b5 + -24?
b75191
In base 9, what is 132427260 - 5?
132427254
In base 4, what is -20021 - -233200313?
233120232
In base 16, what is -423c - -24f?
-3fed
In base 2, what is -1000100101100001111001101 - 1000?
-1000100101100001111010101
In base 16, what is 718 + -821?
-109
In base 11, what is -640a618 + -13?
-640a630
In base 3, what is 2221110021122121 + 10?
2221110021122201
In base 9, what is -82 + 780172?
780080
In base 2, what is -1100